56 is divided by 5024.
2284
Calculate the remainder when 2072 is divided by 399.
77
What is the remainder when 3155145 is divided by 631012?
85
Calculate the remainder when 1065452 is divided by 1454.
1124
Calculate the remainder when 212668 is divided by 171.
115
What is the remainder when 57168468 is divided by 2382019?
12
What is the remainder when 193643 is divided by 17601?
32
Calculate the remainder when 29712141 is divided by 3.
0
Calculate the remainder when 128885280 is divided by 42.
6
Calculate the remainder when 2634586 is divided by 73.
16
What is the remainder when 43777 is divided by 2164?
497
Calculate the remainder when 191246124 is divided by 4445.
4444
What is the remainder when 70215 is divided by 961?
62
What is the remainder when 1850 is divided by 261?
23
What is the remainder when 1074862 is divided by 1162?
12
Calculate the remainder when 12043 is divided by 544.
75
What is the remainder when 77631747 is divided by 186?
183
Calculate the remainder when 39895263 is divided by 1226.
1223
Calculate the remainder when 3251946 is divided by 21678.
246
Calculate the remainder when 2082082 is divided by 534.
16
What is the remainder when 70279 is divided by 23381?
136
Calculate the remainder when 7979415 is divided by 358.
311
What is the remainder when 275570 is divided by 137670?
230
Calculate the remainder when 2145965 is divided by 73.
57
What is the remainder when 47003214 is divided by 206?
194
Calculate the remainder when 99635 is divided by 167.
103
What is the remainder when 104762 is divided by 778?
510
Calculate the remainder when 35721904 is divided by 11907292.
28
What is the remainder when 39988875 is divided by 123?
99
Calculate the remainder when 4205151 is divided by 313.
309
What is the remainder when 116801 is divided by 95?
46
What is the remainder when 59579661 is divided by 37006?
1
Calculate the remainder when 708851 is divided by 92.
83
Calculate the remainder when 56555 is divided by 27581.
1393
What is the remainder when 696665 is divided by 105?
95
Calculate the remainder when 24445 is divided by 3734.
2041
Calculate the remainder when 14478 is divided by 10228.
4250
What is the remainder when 80521 is divided by 88?
1
Calculate the remainder when 1387402 is divided by 55.
27
What is the remainder when 19330294 is divided by 152?
150
What is the remainder when 29817873 is divided by 22?
19
What is the remainder when 1464295 is divided by 776?
759
Calculate the remainder when 761173 is divided by 520.
413
Calculate the remainder when 158990 is divided by 729.
68
Calculate the remainder when 78516 is divided by 12674.
2472
What is the remainder when 1003989 is divided by 501932?
125
Calculate the remainder when 247818 is divided by 9357.
4536
What is the remainder when 41302292 is divided by 271?
266
Calculate the remainder when 99059 is divided by 333.
158
Calculate the remainder when 2026710 is divided by 184244.
26
What is the remainder when 154415 is divided by 3216?
47
What is the remainder when 5066669 is divided by 2533332?
5
Calculate the remainder when 32853373 is divided by 8213331.
49
Calculate the remainder when 207147 is divided by 107.
102
What is the remainder when 29845 is divided by 891?
442
Calculate the remainder when 1441961 is divided by 60.
41
What is the remainder when 6277917 is divided by 2684?
41
What is the remainder when 2769157 is divided by 2203?
2189
Calculate the remainder when 454940 is divided by 23932.
232
What is the remainder when 20308729 is divided by 3136?
3129
What is the remainder when 1876796 is divided by 625595?
11
What is the remainder when 2246451 is divided by 2004?
1971
What is the remainder when 71080 is divided by 10124?
212
Calculate the remainder when 13296926 is divided by 164.
134
What is the remainder when 43673 is divided by 14429?
386
Calculate the remainder when 154848 is divided by 51450.
498
What is the remainder when 19911 is divided by 4495?
1931
What is the remainder when 2451532 is divided by 163435?
7
What is the remainder when 646603 is divided by 40410?
43
Calculate the remainder when 216665 is divided by 108315.
35
Calculate the remainder when 868738 is divided by 639.
337
What is the remainder when 73469 is divided by 345?
329
What is the remainder when 6580701 is divided by 121?
116
Calculate the remainder when 315139 is divided by 571.
518
What is the remainder when 272420 is divided by 54200?
1420
What is the remainder when 61011006 is divided by 88?
78
What is the remainder when 206365 is divided by 17186?
133
What is the remainder when 3414025 is divided by 26881?
138
What is the remainder when 170019 is divided by 563?
556
Calculate the remainder when 103881 is divided by 16999.
1887
Calculate the remainder when 148845 is divided by 5953.
20
What is the remainder when 118498 is divided by 16279?
4545
What is the remainder when 735726 is divided by 59?
55
What is the remainder when 1145799 is divided by 19755?
9
What is the remainder when 4812 is divided by 13?
2
What is the remainder when 4996197 is divided by 1249039?
41
Calculate the remainder when 120732 is divided by 145.
92
What is the remainder when 1985 is divided by 784?
417
What is the remainder when 62901303 is divided by 19?
17
Calculate the remainder when 80587520 is divided by 3663068.
24
What is the remainder when 2309887 is divided by 108?
91
Calculate the remainder when 17836174 is divided by 25.
24
What is the remainder when 23064553 is divided by 15?
13
Calculate the remainder when 1914674 is divided by 245.
244
Calculate the remainder when 2424706 is divided by 25.
6
Calculate the remainder when 21427 is divided by 2297.
754
Calculate the remainder when 54747943 is divided by 43.
42
Calculate the remainder when 675361 is divided by 3994.
375
What is the remainder when 5396954 is divided by 42?
38
Calculate the remainder when 940007 is divided by 78333.
11
Calculate the remainder when 2891819 is divided by 512.
43
What is the remainder when 199089 is divided by 4003?
2942
What is the remainder when 3847293 is divided by 427466?
99
What is the remainder when 47534306 is divided by 9506860?
6
What is the remainder when 1424730 is divided by 918?
912
What is the remainder when 113641 is divided by 1538?
1367
What is the remainder when 6469417 is divided by 2156472?
1
What is the remainder when 11057307 is divided by 2505?
237
What is the remainder when 1311145 is divided by 262224?
25
What is the remainder when 84999 is divided by 3189?
2085
Calculate the remainder when 18506431 is divided by 707.
706
Calculate the remainder when 35683304 is divided by 2934.
2930
What is the remainder when 443936 is divided by 10?
6
Calculate the remainder when 452641103 is divided by 38.
37
What is the remainder when 4677 is divided by 329?
71
What is the remainder when 177207 is divided by 684?
51
Calculate the remainder when 29416 is divided by 10436.
8544
What is the remainder when 1752618 is divided by 62532?
1722
Calculate the remainder when 120417 is divided by 2151.
2112
What is the remainder when 35108147 is divided by 8777035?
7
What is the remainder when 927682594 is divided by 155?
154
Calculate the remainder when 128569205 is divided by 16.
5
What is the remainder when 1902903962 is divided by 1181?
1178
What is the remainder when 39698 is divided by 54?
8
Calculate the remainder when 1509800 is divided by 7551.
7151
What is the remainder when 7314619 is divided by 281331?
13
What is the remainder when 5948877 is divided by 2599?
2365
What is the remainder when 39425091 is divided by 1950?
1941
Calculate the remainder when 305568 is divided by 4375.
3693
What is the remainder when 60699353 is divided by 73?
72
What is the remainder when 5358906 is divided by 765558?
0
Calculate the remainder when 11778444 is divided by 4077.
4068
What is the remainder when 1034556221 is divided by 2032?
2029
What is the remainder when 325971 is divided by 81182?
1243
Calculate the remainder when 965525 is divided by 74258.
171
Calculate the remainder when 869590 is divided by 144930.
10
Calculate the remainder when 3964419 is divided by 660727.
57
What is the remainder when 1218229 is divided by 30?
19
Calculate the remainder when 107783 is divided by 1542.
1385
Calculate the r